{"id":2,"date":"2016-05-10T03:48:21","date_gmt":"2016-05-10T03:48:21","guid":{"rendered":"http:\/\/dethlefsen-amrum.com\/?page_id=2"},"modified":"2019-08-07T12:08:42","modified_gmt":"2019-08-07T12:08:42","slug":"sample-page","status":"publish","type":"page","link":"http:\/\/dethlefsen-amrum.com\/","title":{"rendered":"Startseite"},"content":{"rendered":"<p>[et_pb_section fb_built=&#8220;1&#8243; fullwidth=&#8220;on&#8220; _builder_version=&#8220;3.26.6&#8243;][et_pb_fullwidth_image src=&#8220;http:\/\/dethlefsen-amrum.com\/wp-content\/uploads\/2019\/08\/aussenschmal.jpg&#8220; _builder_version=&#8220;3.26.6&#8243;][\/et_pb_fullwidth_image][\/et_pb_section][et_pb_section fb_built=&#8220;1&#8243; _builder_version=&#8220;3.22&#8243; custom_padding=&#8220;26px||7px|||&#8220;][et_pb_row column_structure=&#8220;1_2,1_2&#8243; _builder_version=&#8220;3.25&#8243; background_size=&#8220;initial&#8220; background_position=&#8220;top_left&#8220; background_repeat=&#8220;repeat&#8220; custom_margin=&#8220;-27px|auto||auto||&#8220;][et_pb_column type=&#8220;1_2&#8243; _builder_version=&#8220;3.25&#8243; custom_padding=&#8220;|||&#8220; custom_padding__hover=&#8220;|||&#8220;][et_pb_text _builder_version=&#8220;3.26.6&#8243; background_size=&#8220;initial&#8220; background_position=&#8220;top_left&#8220; background_repeat=&#8220;repeat&#8220;]<\/p>\n<h3>Willkommen auf unserer Website&#8230;<\/h3>\n<p>&nbsp;<\/p>\n<p><span style=\"font-family: inherit;\">Geniessen Sie Ihren Amrum &#8211; Urlaub in unserem mit viel Liebe zum Detail erbauten Friesenhaus.<\/span><\/p>\n<p><span>Im Dachgeschoss befindet sich unsere<\/span> Nichtraucherwohnung mit ca. 40qm Grundfl\u00e4che <span>f\u00fcr 2 Personen<\/span>. Die Wohnung verf\u00fcgt \u00fcber einen separaten Eingang mit Zugang zum Garten mit gem\u00fctlicher Sitzecke, Strandkorb und Gartenm\u00f6beln.<\/p>\n<p>Ein Stellplatz f\u00fcr Ihren PKW ist vorhanden.\u00a0<\/p>\n<p>&nbsp;<\/p>\n<p>[\/et_pb_text][et_pb_code _builder_version=&#8220;3.26.6&#8243;]<h2 id=\"tablepress-1-name\" class=\"tablepress-table-name tablepress-table-name-id-1\">Preise<\/h2>\n\n<table id=\"tablepress-1\" class=\"tablepress tablepress-id-1\" aria-labelledby=\"tablepress-1-name\">\n<tbody class=\"row-striping row-hover\">\n<tr class=\"row-1\">\n\t<td class=\"column-1\">Vom 15.6. - 15.9.<\/td><td class=\"column-2\">70 \u20ac<\/td>\n<\/tr>\n<tr class=\"row-2\">\n\t<td class=\"column-1\">\u00fcbrige Zeit<\/td><td class=\"column-2\">60 \u20ac<\/td>\n<\/tr>\n<\/tbody>\n<\/table>\n<!-- #tablepress-1 from cache -->[\/et_pb_code][\/et_pb_column][et_pb_column type=&#8220;1_2&#8243; _builder_version=&#8220;3.25&#8243; custom_padding=&#8220;|||&#8220; custom_padding__hover=&#8220;|||&#8220;][et_pb_gallery gallery_ids=&#8220;46,47,48,49,50,51&#8243; posts_number=&#8220;6&#8243; _builder_version=&#8220;3.26.6&#8243; title_font_size=&#8220;1px&#8220;][\/et_pb_gallery][\/et_pb_column][\/et_pb_row][\/et_pb_section]<\/p>\n","protected":false},"excerpt":{"rendered":"<p>Willkommen auf unserer Website&#8230; &nbsp; Geniessen Sie Ihren Amrum &#8211; Urlaub in unserem mit viel Liebe zum Detail erbauten Friesenhaus. Im Dachgeschoss befindet sich unsere Nichtraucherwohnung mit ca. 40qm Grundfl\u00e4che f\u00fcr 2 Personen. Die Wohnung verf\u00fcgt \u00fcber einen separaten Eingang mit Zugang zum Garten mit gem\u00fctlicher Sitzecke, Strandkorb und Gartenm\u00f6beln. Ein Stellplatz f\u00fcr Ihren PKW [&hellip;]<\/p>\n","protected":false},"author":1,"featured_media":0,"parent":0,"menu_order":0,"comment_status":"closed","ping_status":"closed","template":"","meta":{"_et_pb_use_builder":"on","_et_pb_old_content":"This is an example page. It's different from a blog post because it will stay in one place and will show up in your site navigation (in most themes). Most people start with an About page that introduces them to potential site visitors. It might say something like this:\n<blockquote>Hi there! I'm a bike messenger by day, aspiring actor by night, and this is my website. I live in Los Angeles, have a great dog named Jack, and I like pi\u00f1a coladas. (And gettin' caught in the rain.)<\/blockquote>\n...or something like this:\n<blockquote>The XYZ Doohickey Company was founded in 1971, and has been providing quality doohickeys to the public ever since. Located in Gotham City, XYZ employs over 2,000 people and does all kinds of awesome things for the Gotham community.<\/blockquote>\nAs a new WordPress user, you should go to <a href=\"http:\/\/dethlefsen-amrum.com\/wp-admin\/\">your dashboard<\/a> to delete this page and create new pages for your content. Have fun!","_et_gb_content_width":"","footnotes":""},"class_list":["post-2","page","type-page","status-publish","hentry"],"_links":{"self":[{"href":"http:\/\/dethlefsen-amrum.com\/index.php?rest_route=\/wp\/v2\/pages\/2","targetHints":{"allow":["GET"]}}],"collection":[{"href":"http:\/\/dethlefsen-amrum.com\/index.php?rest_route=\/wp\/v2\/pages"}],"about":[{"href":"http:\/\/dethlefsen-amrum.com\/index.php?rest_route=\/wp\/v2\/types\/page"}],"author":[{"embeddable":true,"href":"http:\/\/dethlefsen-amrum.com\/index.php?rest_route=\/wp\/v2\/users\/1"}],"replies":[{"embeddable":true,"href":"http:\/\/dethlefsen-amrum.com\/index.php?rest_route=%2Fwp%2Fv2%2Fcomments&post=2"}],"version-history":[{"count":8,"href":"http:\/\/dethlefsen-amrum.com\/index.php?rest_route=\/wp\/v2\/pages\/2\/revisions"}],"predecessor-version":[{"id":66,"href":"http:\/\/dethlefsen-amrum.com\/index.php?rest_route=\/wp\/v2\/pages\/2\/revisions\/66"}],"wp:attachment":[{"href":"http:\/\/dethlefsen-amrum.com\/index.php?rest_route=%2Fwp%2Fv2%2Fmedia&parent=2"}],"curies":[{"name":"wp","href":"https:\/\/api.w.org\/{rel}","templated":true}]}}